q be (12/(-15))/(3/15). Is 7/q*(-472)/2 prime?
False
Let l be 130/14 - (-2)/(-7). Let d(q) = q**2 - 6*q - 13. Is d(l) prime?
False
Suppose -13 - 7 = -5*x, -5*x - 79 = 3*s. Let t = 20 - s. Is t prime?
True
Suppose 0*l = 3*l - 12. Suppose o - 6*o = -510. Suppose 0 = l*q + 2*r - 5*r - 190, 2*q + 2*r = o. Is q a prime number?
False
Is (-2)/(1*(-4)/254) a composite number?
False
Suppose s = -s. Suppose 2*y - 586 = -s*y. Is y prime?
True
Suppose -p - 2*j - 3*j + 164 = 0, -3*j = 3*p - 456. Is p prime?
True
Let w(q) = 18*q**3 - 3*q**2 + q + 3. Let j be w(3). Suppose 5*r - 81 = -2*u + u, 5*r + j = 5*u. Is u a composite number?
True
Suppose s = -3*s - 112. Suppose 3*m = 8*m - 3*c - 42, -3*m - 3*c + 6 = 0. Is s/2*(-3)/m a composite number?
False
Suppose -4*f - 113 = -429. Is f composite?
False
Let o(z) = -19*z**3 - 3*z**2 + z - 10. Is o(-5) composite?
True
Let o = 714 + 3703. Is o prime?
False
Let u(j) = 87*j + 1. Is u(3) a composite number?
True
Is 0 + -3 + 339 + -5 a prime number?
True
Let z = -1405 - -2454. Is z a prime number?
True
Let u(r) be the second derivative of r**3/3 + 7*r**2 + r. Let y be u(-6). Suppose y*g - 7*g = -175. Is g a prime number?
False
Let q = 0 - -3. Suppose -q*h + 2*h = -1092. Is h/20 + 2/5 composite?
True
Let j = -2118 + 4025. Is j a prime number?
True
Suppose 23*f - 28*f = -7715. Is f a composite number?
False
Suppose 5*q + 11 + 659 = 0. Suppose -n + j = 20, -5*n = -4*j + j + 90. Let l = n - q. Is l a composite number?
True
Let k(l) = l + 12. Let c be k(-5). Is (0 - c)/((-1)/37) prime?
False
Is (5 + -2 - 5)/(2/(-1247)) a prime number?
False
Suppose -2*h - h = -246. Let i = h - -1. Is i composite?
False
Let a(k) be the third derivative of k**4/3 - k**3/2 + 7*k**2. Is a(3) a prime number?
False
Suppose -a + 146 = -19. Let l be a/25 - 6/10. Is (-1 - 0) + l*36 a composite number?
True
Suppose 3 = -b - 3. Is ((-9)/b - 2)*-194 a composite number?
False
Let a be -3*((-11)/3 - -1). Suppose 0*k - 2*k + a = 0. Suppose k*g = 5*g - 19. Is g composite?
False
Suppose -l - 1 = -0*l, -4*k + 24 = -4*l. Suppose 3*u - 4*h - 39 - 11 = 0, 5*h - k = -3*u. Let m = 77 + u. Is m prime?
False
Let u be (-8)/(-3) + 5/15. Suppose -635 - 64 = -u*f. Is f composite?
False
Let z = 130 + -413. Let y = 167 - 361. Let f = y - z. Is f prime?
True
Let u be (-4)/(-2)*-1 + 5. Suppose -u = 2*p - 1. Is 21*2/(3 + p) a composite number?
True
Suppose 2*p - 212 = -0*p. Let o = p - -99. Is o composite?
True
Suppose 0*u = -2*u + 940. Is 6/9 + u/6 a prime number?
True
Let n(s) = 15*s**2 - s - 1. Let g be (-1)/(-2)*(1 - 3). Is n(g) a prime number?
False
Suppose 7 = r + 2. Suppose -r*b = -8 - 7. Suppose -y - 258 = -2*a, -b*a + 385 = -0*a - 2*y. Is a a composite number?
False
Let t = -6 - -18. Is (t/(-4))/((-9)/21) a composite number?
False
Suppose 5*t + 5 = -0*t. Let p = 1 + t. Suppose 3*c - 4*w - 105 = p, -3*w + 1 = c - 34. Is c composite?
True
Suppose z + 3 = -3. Let c = 4 + z. Is (c/(-4))/(2/212) a composite number?
False
Let d = 4 + -4. Suppose d = -t - 3 - 0. Let g = 3 - t. Is g a prime number?
False
Let a be -53 - 1 - (-6)/2. Let r = -14 - a. Is r a prime number?
True
Is ((-291)/(-6) - 0)*10 a prime number?
False
Suppose -5*j = 3*r - 26, 2*r + 4*j + 4 = 6*j. Suppose -c + 144 = r*c. Let v = c + -29. Is v composite?
False
Suppose 2*h + 84 = 2*q - 5*q, 3*h = 2*q - 100. Let m = 63 + h. Let j = 50 + m. Is j a prime number?
False
Let z = 45 + -23. Let j = z + 57. Is j a composite number?
False
Is 162 + (-4)/(-4 - 0) composite?
False
Let q(k) = 39*k**2 + 2*k - 1. Is q(4) prime?
True
Suppose 0*u = 2*u + 16. Let h be (10/u)/((-2)/264). Suppose -h = -4*o + o. Is o composite?
True
Suppose -4*c - 2*w + 312 = 0, 0 = 2*c + 3*w - 81 - 71. Suppose -c = -i - 0. Is i a prime number?
True
Suppose 2*a = -3*a + 25. Suppose 352 = a*y - 453. Is y a prime number?
False
Is 1462 + 14 - (0 - 1) a prime number?
False
Let n = -36 - -67. Is n a prime number?
True
Suppose -b - 32 - 18 = 0. Let y = 19 - b. Is y prime?
False
Let w(x) = -x**3 + 8*x**2 + x + 10. Let z be w(8). Let c be (4 + -5)/(2/z). Is 2/c + 173/9 a composite number?
False
Suppose -3*w + 4 + 6 = -2*k, 3*k = 2*w - 10. Suppose 7*o = w*o + 1285. Is o prime?
True
Let d(f) = 68*f**2 - f - 6. Let b be d(3). Suppose 3*y = 6*y - b. Is y prime?
False
Let h = -233 + 630. Is h a prime number?
True
Suppose 0 = 11*g + g - 4164. Is g a prime number?
True
Let v be (2 - -33) + 2 + 1. Is ((-5)/(-5))/(2/v) a composite number?
False
Let f be 3 - 1 - -1 - 0. Let x(p) = p + 1. Let a be x(f). Suppose 2 = -a*y + 198. Is y a composite number?
True
Suppose 0 = 12*a - 143 - 301. Is a composite?
False
Suppose 1 = -3*b + 7. Let w = b + -2. Suppose 3*s - 26 = 2*f + 16, w = 3*s - 5*f - 42. Is s composite?
True
Suppose -1383 - 1141 = -4*z. Is z a composite number?
False
Let b(f) = f**2 - f. Let l(t) be the second derivative of t**4/12 - t**2/2 + t. Let u(k) = 3*b(k) - l(k). Is u(6) composite?
True
Let u(n) = n - 4. Let y be u(4). Suppose y = -3*s + 7*s, 0 = a - s - 37. Is a prime?
True
Suppose -3*f - 2*n + 782 = 2*n, 4*n = -4. Suppose 2*a = r + f, -2*a - r + 188 = -82. Is a composite?
True
Let f(p) be the first derivative of -p**4/4 - 10*p**3/3 - 9*p**2/2 - 7*p + 2. Is f(-10) a composite number?
False
Is 4/14 + (-719)/(-7) prime?
True
Let d(c) = -c**3 - 5*c**2 + 2*c + 7. Let z be d(-5). Let w be z + 6 + -4 + -1. Is (-1)/(1*w/158) a prime number?
True
Suppose w - 42 = -4*n - 16, -4*w + 4*n + 64 = 0. Let c = w - -65. Is c prime?
True
Suppose 4*a + 4 = n + 84, 0 = -2*a + n + 38. Let m = a - 0. Is m a composite number?
True
Let b(j) = -19*j - 2. Let o(g) = 94*g + 10. Suppose 4*r + 12 = -k, 0 = -0*r - 4*r + k - 4. Let y(s) = r*o(s) - 11*b(s). Is y(3) a prime number?
False
Suppose -a + 6 = -5*r, -2*a + 3*r = -7 + 2. Suppose 5*m - 29 = a. Is m composite?
True
Suppose -52 = -4*c + 224. Is c a composite number?
True
Let j(f) = -f**2 - f + 3. Let i be j(0). Suppose -i*h + 0*x = 2*x - 787, 0 = 4*h + 5*x - 1040. Is h a prime number?
False
Suppose 0 = -5*v - 4*z + 7, -3*z = -4*v + 13 + 5. Let c(j) = 6*j**2 - 7. Is c(v) a prime number?
True
Let c be (-5)/(-15)*(8 + 1). Suppose c*t + 14 = t - 5*m, -t = -3*m - 15. Suppose t*y + 8 - 47 = 0. Is y composite?
False
Let f be 2*3/((-24)/(-20)). Suppose 4*t - f*t + 187 = 0. Is t a prime number?
False
Let v(x) = -4 + x - 2*x - 2*x. Let m be v(-3). Let o(k) = k**3 - 4*k**2 - 2*k - 4. Is o(m) prime?
True
Let b(m) = 8*m**2 - 18*m + 53. Is b(17) a prime number?
False
Let v = -4 + 27. Is v prime?
True
Let z(a) = 13 - 3*a - 10 + 37*a**2 - 6 + 18*a**2. Is z(-2) prime?
True
Let f be 2/(-8) + 46/(-8). Let g(p) = p**2 - 2*p - 2. Let b(c) = c**3 + 2*c**2 - 5*c - 5. Let o(w) = f*b(w) + 13*g(w). Is o(-3) a prime number?
True
Let k = 1595 - 718. Is k composite?
False
Suppose -99 = 2*p - 417. Is p prime?
False
Let h(b) = -6*b**3 - 4*b**2 + 15*b + 26. Is h(-9) composite?
True
Let j(i) = 2*i + 0 + 1 + 2*i**2 - i**3 + 3 - 3. Let q be j(-1). Is 1*22 - (1 - q) composite?
False
Let o be (12/(-6))/(0 - -1). Is 1/(o/(-2))*11 composite?
False
Let k(h) = -h**3 + 10*h**2 - 5*h + 5. Is k(6) a composite number?
True
Let t = -1071 - -1528. Is t a prime number?
True
Suppose -2*h = -g - 8 - 2, 5*h + g - 32 = 0. Suppose -9 - h = -3*n. Suppose -2*u - 2*x = -136, 5*u - 93 = n*x + 217. Is u a composite number?
True
Suppose 4*g - 611 = 2337. Is g composite?
True
Let x(f) = 26*f**2 + 6*f + 3. Is x(-5) a prime number?
False
Let f = 656 + -209. Is f a prime number?
False
Is 191 + 0/(0 - -3) a composite number?
False
Suppose 2*u + 3*c - 91 = 0, 4*u + 2*c = -2*c + 176. Suppose -f - 2*f + 2*z = -107, -2*z + u = f. Is f prime?
True
Let h(y) = 13*y - 10. Let v be h(-8). Is (v/24)/((-1)/12) a composite number?
True
Let o = -446 - -660. Is o a composite number?
True
Let s(d) = -d**2 + 6*d - 1. Let w be s(6). Let h = 4 + w. Suppose 595 = 2*r + h*r. Is r a composite number?
True
Suppose 0 = -5*y + 224 + 671. Is y a prime number?
True
Is 29820/156 + (-2)/13 composite?
False
Let v = 40 - 130. Let a be 2 + -2 - (-2 + v). Let m = -37 + a. Is m a composite number?
True
Let h be 6/(-4)*232/(-12). Let x = -1 - h. Is ((-148)/(-10))/((-12)/x) a prime number?
True
Let u(z) = z**3 + 5*z**2 + z + 7. Let y be u(-5). Let n(m) = 7*m**3 + m**2 - m + 1. Is n(y) a prime number?
True
Suppose -4*j + 6